{"id":35,"date":"2015-08-22T03:01:18","date_gmt":"2015-08-22T03:01:18","guid":{"rendered":"http:\/\/temposradiante.com\/?page_id=35"},"modified":"2020-04-11T01:33:47","modified_gmt":"2020-04-11T01:33:47","slug":"solucoes","status":"publish","type":"page","link":"http:\/\/temposradiante.com\/?page_id=35","title":{"rendered":"SOLU\u00c7\u00d5ES"},"content":{"rendered":"<p>Ano Radiante Divulgando Eventos e <a title=\"Compartilhando Solu\u00e7\u00f5es\" href=\"http:\/\/temposradiante.com.br\/?page_id=33\">Compartilhando Solu\u00e7\u00f5es<\/a><\/p>\n<h3><\/h3>\n<h3><strong>Fazer doa\u00e7\u00f5es\u00a0 em tempo de Coronav\u00edrus\u00a0 \u00a0<\/strong><\/h3>\n<p>em <a title=\"UNICEF\" href=\"https:\/\/secure.unicef.org.br\/Default.aspx?origem=covid19\" target=\"_blank\">UNICEF<\/a>\u00a0 \u00a0 \u00a0 Mais endere\u00e7os pra doa\u00e7\u00f5es em tempo de Coronav\u00edrus <a title=\"GLOBO\" href=\"https:\/\/redeglobo.globo.com\/Responsabilidade-Social\/pra-quem-doar\/\" target=\"_blank\">GLOBO<\/a><\/p>\n<p>&nbsp;<\/p>\n<p>Tr\u00e2nsito:\u00a0 <strong>Multas ou Campanhas de Educa\u00e7\u00e3o?\u00a0<\/strong><em>em <a title=\"Tempos Radiante\" href=\"http:\/\/temposradiante.com\/?p=107\" target=\"_blank\">Tempos Radiante<\/a><\/em><\/p>\n<p><em><strong>Projetos de Efici\u00eancia Energ\u00e9tica beneficiam hospitais e institui\u00e7\u00f5es de ensino<a href=\"https:\/\/queima.online\/queima-48-horas\/\" target=\"_blank\"><img decoding=\"async\" src=\"http:\/\/img.queima48horas.online\/selo-queima48horas.gif\" alt=\"q48\" border=\"0\" \/><\/a><\/strong><\/em><\/p>\n<p>em <a title=\"TEMPOS RADIANTE\" href=\"http:\/\/temposradiante.com\/?p=89\" target=\"_blank\">TEMPOS RADIANTE<\/a><\/p>\n<h3 class=\"post-title entry-title\">O pa\u00eds que queremos<\/h3>\n<p>em \u00a0<a title=\"MELHOR DA IDADE\" href=\"http:\/\/melhordaidade.blogspot.com.br\/2017\/08\/o-pais-que-queremos.html\" target=\"_blank\">MELHOR DA IDADE<\/a><\/p>\n<h3 class=\"post-title entry-title\">Tudo que voc\u00ea sempre quis saber sobre assessoria de imprensa mas n\u00e3o teve coragem de perguntar<\/h3>\n<p>em <a title=\"TEMPOS RADIANTE\" href=\"http:\/\/temposradiante.blogspot.com.br\/2016\/11\/tudo-que-voce-sempre-quis-saber-sobre.html\" target=\"_blank\">TEMPOS RADIANTE <\/a><\/p>\n","protected":false},"excerpt":{"rendered":"<p>Ano Radiante Divulgando Eventos e Compartilhando Solu\u00e7\u00f5es Fazer doa\u00e7\u00f5es\u00a0 em tempo de Coronav\u00edrus\u00a0 \u00a0 em UNICEF\u00a0 \u00a0 \u00a0 Mais endere\u00e7os pra doa\u00e7\u00f5es em tempo de Coronav\u00edrus GLOBO &nbsp; Tr\u00e2nsito:\u00a0 Multas ou Campanhas de Educa\u00e7\u00e3o?\u00a0em Tempos Radiante Projetos de Efici\u00eancia Energ\u00e9tica beneficiam hospitais e institui\u00e7\u00f5es de ensino em TEMPOS RADIANTE O pa\u00eds que queremos em \u00a0MELHOR [&hellip;]<\/p>\n","protected":false},"author":1,"featured_media":0,"parent":0,"menu_order":0,"comment_status":"closed","ping_status":"open","template":"","meta":{"footnotes":""},"_links":{"self":[{"href":"http:\/\/temposradiante.com\/index.php?rest_route=\/wp\/v2\/pages\/35"}],"collection":[{"href":"http:\/\/temposradiante.com\/index.php?rest_route=\/wp\/v2\/pages"}],"about":[{"href":"http:\/\/temposradiante.com\/index.php?rest_route=\/wp\/v2\/types\/page"}],"author":[{"embeddable":true,"href":"http:\/\/temposradiante.com\/index.php?rest_route=\/wp\/v2\/users\/1"}],"replies":[{"embeddable":true,"href":"http:\/\/temposradiante.com\/index.php?rest_route=%2Fwp%2Fv2%2Fcomments&post=35"}],"version-history":[{"count":8,"href":"http:\/\/temposradiante.com\/index.php?rest_route=\/wp\/v2\/pages\/35\/revisions"}],"predecessor-version":[{"id":132,"href":"http:\/\/temposradiante.com\/index.php?rest_route=\/wp\/v2\/pages\/35\/revisions\/132"}],"wp:attachment":[{"href":"http:\/\/temposradiante.com\/index.php?rest_route=%2Fwp%2Fv2%2Fmedia&parent=35"}],"curies":[{"name":"wp","href":"https:\/\/api.w.org\/{rel}","templated":true}]}}